{"id":251,"date":"2018-11-30T18:13:35","date_gmt":"2018-11-30T18:13:35","guid":{"rendered":"https:\/\/thestorage.fr\/?page_id=251"},"modified":"2024-10-30T18:39:40","modified_gmt":"2024-10-30T18:39:40","slug":"the-storage","status":"publish","type":"page","link":"https:\/\/www.thestorage.fr\/en\/the-storage\/","title":{"rendered":"THE STORAGE"},"content":{"rendered":"<div class=\"wpb-content-wrapper\"><p>[vc_row content_placement=&#8221;middle&#8221; css=&#8221;.vc_custom_1545158325090{padding-top: 0px !important;background-color: #ffffff !important;}&#8221; el_class=&#8221;ghj&#8221;][vc_column el_class=&#8221;hy&#8221;][vc_row_inner][vc_column_inner width=&#8221;4\/12&#8243;][vc_column_text css=&#8221;.vc_custom_1545250858675{margin-bottom: 10px !important;}&#8221;]<\/p>\n<h4 style=\"text-align: left;\"><strong><span style=\"font-family: montserrat, arial, sans-serif; font-size: 16pt;\"> THE STORAGE<\/span><\/strong><\/h4>\n<p>[\/vc_column_text][\/vc_column_inner][vc_column_inner width=&#8221;8\/12&#8243;][\/vc_column_inner][\/vc_row_inner][vc_separator border_width=&#8221;3&#8243; css=&#8221;.vc_custom_1545233007592{margin-bottom: 5px !important;}&#8221;][vc_row_inner][vc_column_inner width=&#8221;4\/12&#8243; el_id=&#8221;biographie&#8221;][\/vc_column_inner][vc_column_inner el_class=&#8221;lol&#8221; width=&#8221;2\/12&#8243;][\/vc_column_inner][vc_column_inner el_class=&#8221;lol1&#8243; width=&#8221;4\/12&#8243;][vc_custom_heading text=&#8221;PRESENTATION OF THE GALLERY&#8221; font_container=&#8221;tag:h2|font_size:15|text_align:center&#8221; use_theme_fonts=&#8221;yes&#8221; link=&#8221;url:http%3A%2F%2Fthestorage.fr%2Fthe-storage%2F%23|||&#8221; el_class=&#8221;hj&#8221; css=&#8221;.vc_custom_1571086828643{padding-left: 17px !important;}&#8221;][\/vc_column_inner][vc_column_inner el_class=&#8221;lol&#8221; width=&#8221;2\/12&#8243;][vc_custom_heading text=&#8221;PICTURES&#8221; font_container=&#8221;tag:h2|font_size:15|text_align:center&#8221; use_theme_fonts=&#8221;yes&#8221; link=&#8221;url:http%3A%2F%2Fthestorage.fr%2Fthe-storage%2F%23photos|||&#8221;][\/vc_column_inner][\/vc_row_inner][\/vc_column][\/vc_row][vc_row][vc_column el_id=&#8221;biographie&#8221;][vc_row_inner][vc_column_inner][vc_empty_space height=&#8221;50&#8243;][\/vc_column_inner][\/vc_row_inner][vc_row_inner][vc_column_inner][vc_custom_heading text=&#8221;PRESENTATION OF THE GALLERY&#8221; font_container=&#8221;tag:h3|text_align:left&#8221; use_theme_fonts=&#8221;yes&#8221;][vc_column_text]<\/p>\n<p style=\"text-align: justify;\">The Storage gallery, situated in Saint-Ouen-l\u2019Aum\u00f4ne, close outskirts of Paris was inaugurated in 2010. At the time, this atypical and innovating project of opening a gallery just outside Paris inspired internationally renowned gallerists.<\/p>\n<p style=\"text-align: justify;\">The choice of implementing The Storage galley in Saint-Ouen-l\u2019Aum\u00f4ne is definitely not a coincidence. Located near Auvers-sur-Oise, a pole of attraction which attracted in the latter stages of the XIX century, famous painters, such as Vincent Van Gogh. Thus, The Storage gallery contributes in forming this genuine cultural set mixing modern art to contemporary art.<\/p>\n<p style=\"text-align: justify;\">Although the majority of galleries focus essentially on the center of Paris, The Storage gallery profits from the numerous significant advantages by settling in the suburbs of Paris. Built in an industrial building supported by steel beams, the gallery offers more than 3000m2 of space, with its big open spaces and its high ceilings intended to shelter enormous art works. It also includes a garden combining nature, architecture and sculptures surrounded by palm trees and rhododendrons as well as slate arches overlooking a pond, place of leisure for Japanese carps. Thus, the Storage is a modern and spacious area, museum like due to its size and atmosphere.<\/p>\n<p style=\"text-align: justify;\">Long considered as a gallery exclusively dedicated to the French contemporary artist Philippe Pasqua, recognized as one of the major artists of his generation, The Storage will shortly develop into a multi-artist gallery, where Pasqua\u2019s art works will coexist with ones of established artists. This will create a certain dialogue between the art works.<\/p>\n<p>[\/vc_column_text][vc_separator color=&#8221;custom&#8221; el_width=&#8221;90&#8243; accent_color=&#8221;#f1f1f1&#8243;][\/vc_column_inner][\/vc_row_inner][vc_row_inner el_id=&#8221;photos&#8221;][vc_column_inner][vc_empty_space height=&#8221;70&#8243;][vc_custom_heading text=&#8221;PICTURES&#8221; font_container=&#8221;tag:h3|text_align:left&#8221; use_theme_fonts=&#8221;yes&#8221;][vc_masonry_media_grid grid_id=&#8221;vc_gid:1571260346457-49406c34-9926-9&#8243; include=&#8221;774,775,776&#8243;][\/vc_column_inner][\/vc_row_inner][vc_row_inner][vc_column_inner][vc_empty_space height=&#8221;70&#8243;][\/vc_column_inner][\/vc_row_inner][\/vc_column][\/vc_row]<\/p>\n<\/div>","protected":false},"excerpt":{"rendered":"<p>[vc_row content_placement=&#8221;middle&#8221; css=&#8221;.vc_custom_1545158325090{padding-top: 0px !important;background-color: #ffffff !important;}&#8221; el_class=&#8221;ghj&#8221;][vc_column el_class=&#8221;hy&#8221;][vc_row_inner][vc_column_inner width=&#8221;4\/12&#8243;][vc_column_text css=&#8221;.vc_custom_1545250858675{margin-bottom: 10px !important;}&#8221;] THE STORAGE [\/vc_column_text][\/vc_column_inner][vc_column_inner width=&#8221;8\/12&#8243;][\/vc_column_inner][\/vc_row_inner][vc_separator border_width=&#8221;3&#8243; css=&#8221;.vc_custom_1545233007592{margin-bottom: 5px !important;}&#8221;][vc_row_inner][vc_column_inner width=&#8221;4\/12&#8243; el_id=&#8221;biographie&#8221;][\/vc_column_inner][vc_column_inner el_class=&#8221;lol&#8221; width=&#8221;2\/12&#8243;][\/vc_column_inner][vc_column_inner el_class=&#8221;lol1&#8243; width=&#8221;4\/12&#8243;][vc_custom_heading text=&#8221;PRESENTATION OF THE GALLERY&#8221; font_container=&#8221;tag:h2|font_size:15|text_align:center&#8221; use_theme_fonts=&#8221;yes&#8221; link=&#8221;url:http%3A%2F%2Fthestorage.fr%2Fthe-storage%2F%23|||&#8221; el_class=&#8221;hj&#8221; css=&#8221;.vc_custom_1571086828643{padding-left: 17px !important;}&#8221;][\/vc_column_inner][vc_column_inner el_class=&#8221;lol&#8221; width=&#8221;2\/12&#8243;][vc_custom_heading text=&#8221;PICTURES&#8221; font_container=&#8221;tag:h2|font_size:15|text_align:center&#8221; use_theme_fonts=&#8221;yes&#8221; link=&#8221;url:http%3A%2F%2Fthestorage.fr%2Fthe-storage%2F%23photos|||&#8221;][\/vc_column_inner][\/vc_row_inner][\/vc_column][\/vc_row][vc_row][vc_column el_id=&#8221;biographie&#8221;][vc_row_inner][vc_column_inner][vc_empty_space height=&#8221;50&#8243;][\/vc_column_inner][\/vc_row_inner][vc_row_inner][vc_column_inner][vc_custom_heading text=&#8221;PRESENTATION OF THE GALLERY&#8221; font_container=&#8221;tag:h3|text_align:left&#8221; use_theme_fonts=&#8221;yes&#8221;][vc_column_text] The Storage gallery,&hellip;<\/p>\n","protected":false},"author":2,"featured_media":0,"parent":0,"menu_order":0,"comment_status":"closed","ping_status":"closed","template":"","meta":{"_exactmetrics_skip_tracking":false,"_exactmetrics_sitenote_active":false,"_exactmetrics_sitenote_note":"","_exactmetrics_sitenote_category":0,"footnotes":""},"class_list":["post-251","page","type-page","status-publish","hentry","description-off"],"yoast_head":"<!-- This site is optimized with the Yoast SEO plugin v25.6 - https:\/\/yoast.com\/wordpress\/plugins\/seo\/ -->\n<title>THE STORAGE - UNE GALERIE MULTI-ARTISTE<\/title>\n<meta name=\"description\" content=\"The Storage, en perp\u00e9tuelle innovation, se transformera prochainement en une galerie multi-artistes, o\u00f9 les \u0153uvres de Philippe Pasqua cohabiteront...\" \/>\n<meta name=\"robots\" content=\"index, follow, max-snippet:-1, max-image-preview:large, max-video-preview:-1\" \/>\n<link rel=\"canonical\" href=\"https:\/\/www.thestorage.fr\/the-storage\/\" \/>\n<meta property=\"og:locale\" content=\"en_US\" \/>\n<meta property=\"og:type\" content=\"article\" \/>\n<meta property=\"og:title\" content=\"THE STORAGE - UNE GALERIE MULTI-ARTISTE\" \/>\n<meta property=\"og:description\" content=\"The Storage, en perp\u00e9tuelle innovation, se transformera prochainement en une galerie multi-artistes, o\u00f9 les \u0153uvres de Philippe Pasqua cohabiteront...\" \/>\n<meta property=\"og:url\" content=\"https:\/\/www.thestorage.fr\/the-storage\/\" \/>\n<meta property=\"og:site_name\" content=\"thestorage.fr\" \/>\n<meta property=\"article:modified_time\" content=\"2024-10-30T18:39:40+00:00\" \/>\n<meta name=\"twitter:card\" content=\"summary_large_image\" \/>\n<meta name=\"twitter:label1\" content=\"Est. reading time\" \/>\n\t<meta name=\"twitter:data1\" content=\"2 minutes\" \/>\n<script type=\"application\/ld+json\" class=\"yoast-schema-graph\">{\"@context\":\"https:\/\/schema.org\",\"@graph\":[{\"@type\":\"WebPage\",\"@id\":\"https:\/\/www.thestorage.fr\/the-storage\/\",\"url\":\"https:\/\/www.thestorage.fr\/the-storage\/\",\"name\":\"THE STORAGE - UNE GALERIE MULTI-ARTISTE\",\"isPartOf\":{\"@id\":\"https:\/\/www.thestorage.fr\/en\/#website\"},\"datePublished\":\"2018-11-30T18:13:35+00:00\",\"dateModified\":\"2024-10-30T18:39:40+00:00\",\"description\":\"The Storage, en perp\u00e9tuelle innovation, se transformera prochainement en une galerie multi-artistes, o\u00f9 les \u0153uvres de Philippe Pasqua cohabiteront...\",\"breadcrumb\":{\"@id\":\"https:\/\/www.thestorage.fr\/the-storage\/#breadcrumb\"},\"inLanguage\":\"en-US\",\"potentialAction\":[{\"@type\":\"ReadAction\",\"target\":[\"https:\/\/www.thestorage.fr\/the-storage\/\"]}]},{\"@type\":\"BreadcrumbList\",\"@id\":\"https:\/\/www.thestorage.fr\/the-storage\/#breadcrumb\",\"itemListElement\":[{\"@type\":\"ListItem\",\"position\":1,\"name\":\"Home\",\"item\":\"https:\/\/www.thestorage.fr\/\"},{\"@type\":\"ListItem\",\"position\":2,\"name\":\"THE STORAGE\"}]},{\"@type\":\"WebSite\",\"@id\":\"https:\/\/www.thestorage.fr\/en\/#website\",\"url\":\"https:\/\/www.thestorage.fr\/en\/\",\"name\":\"thestorage.fr\",\"description\":\"\",\"potentialAction\":[{\"@type\":\"SearchAction\",\"target\":{\"@type\":\"EntryPoint\",\"urlTemplate\":\"https:\/\/www.thestorage.fr\/en\/?s={search_term_string}\"},\"query-input\":{\"@type\":\"PropertyValueSpecification\",\"valueRequired\":true,\"valueName\":\"search_term_string\"}}],\"inLanguage\":\"en-US\"}]}<\/script>\n<!-- \/ Yoast SEO plugin. -->","yoast_head_json":{"title":"THE STORAGE - UNE GALERIE MULTI-ARTISTE","description":"The Storage, en perp\u00e9tuelle innovation, se transformera prochainement en une galerie multi-artistes, o\u00f9 les \u0153uvres de Philippe Pasqua cohabiteront...","robots":{"index":"index","follow":"follow","max-snippet":"max-snippet:-1","max-image-preview":"max-image-preview:large","max-video-preview":"max-video-preview:-1"},"canonical":"https:\/\/www.thestorage.fr\/the-storage\/","og_locale":"en_US","og_type":"article","og_title":"THE STORAGE - UNE GALERIE MULTI-ARTISTE","og_description":"The Storage, en perp\u00e9tuelle innovation, se transformera prochainement en une galerie multi-artistes, o\u00f9 les \u0153uvres de Philippe Pasqua cohabiteront...","og_url":"https:\/\/www.thestorage.fr\/the-storage\/","og_site_name":"thestorage.fr","article_modified_time":"2024-10-30T18:39:40+00:00","twitter_card":"summary_large_image","twitter_misc":{"Est. reading time":"2 minutes"},"schema":{"@context":"https:\/\/schema.org","@graph":[{"@type":"WebPage","@id":"https:\/\/www.thestorage.fr\/the-storage\/","url":"https:\/\/www.thestorage.fr\/the-storage\/","name":"THE STORAGE - UNE GALERIE MULTI-ARTISTE","isPartOf":{"@id":"https:\/\/www.thestorage.fr\/en\/#website"},"datePublished":"2018-11-30T18:13:35+00:00","dateModified":"2024-10-30T18:39:40+00:00","description":"The Storage, en perp\u00e9tuelle innovation, se transformera prochainement en une galerie multi-artistes, o\u00f9 les \u0153uvres de Philippe Pasqua cohabiteront...","breadcrumb":{"@id":"https:\/\/www.thestorage.fr\/the-storage\/#breadcrumb"},"inLanguage":"en-US","potentialAction":[{"@type":"ReadAction","target":["https:\/\/www.thestorage.fr\/the-storage\/"]}]},{"@type":"BreadcrumbList","@id":"https:\/\/www.thestorage.fr\/the-storage\/#breadcrumb","itemListElement":[{"@type":"ListItem","position":1,"name":"Home","item":"https:\/\/www.thestorage.fr\/"},{"@type":"ListItem","position":2,"name":"THE STORAGE"}]},{"@type":"WebSite","@id":"https:\/\/www.thestorage.fr\/en\/#website","url":"https:\/\/www.thestorage.fr\/en\/","name":"thestorage.fr","description":"","potentialAction":[{"@type":"SearchAction","target":{"@type":"EntryPoint","urlTemplate":"https:\/\/www.thestorage.fr\/en\/?s={search_term_string}"},"query-input":{"@type":"PropertyValueSpecification","valueRequired":true,"valueName":"search_term_string"}}],"inLanguage":"en-US"}]}},"_links":{"self":[{"href":"https:\/\/www.thestorage.fr\/en\/wp-json\/wp\/v2\/pages\/251"}],"collection":[{"href":"https:\/\/www.thestorage.fr\/en\/wp-json\/wp\/v2\/pages"}],"about":[{"href":"https:\/\/www.thestorage.fr\/en\/wp-json\/wp\/v2\/types\/page"}],"author":[{"embeddable":true,"href":"https:\/\/www.thestorage.fr\/en\/wp-json\/wp\/v2\/users\/2"}],"replies":[{"embeddable":true,"href":"https:\/\/www.thestorage.fr\/en\/wp-json\/wp\/v2\/comments?post=251"}],"version-history":[{"count":6,"href":"https:\/\/www.thestorage.fr\/en\/wp-json\/wp\/v2\/pages\/251\/revisions"}],"predecessor-version":[{"id":1301,"href":"https:\/\/www.thestorage.fr\/en\/wp-json\/wp\/v2\/pages\/251\/revisions\/1301"}],"wp:attachment":[{"href":"https:\/\/www.thestorage.fr\/en\/wp-json\/wp\/v2\/media?parent=251"}],"curies":[{"name":"wp","href":"https:\/\/api.w.org\/{rel}","templated":true}]}}

<div class="wpb-content-wrapper"><p>[vc_row content_placement=&#8221;middle&#8221; css=&#8221;.vc_custom_1545158325090{padding-top: 0px !important;background-color: #ffffff !important;}&#8221; el_class=&#8221;ghj&#8221;][vc_column el_class=&#8221;hy&#8221;][vc_row_inner][vc_column_inner width=&#8221;4/12&#8243;][vc_column_text css=&#8221;.vc_custom_1545250858675{margin-bottom: 10px !important;}&#8221;]</p>
<h4 style="text-align: left;"><strong><span style="font-family: montserrat, arial, sans-serif; font-size: 16pt;"> THE STORAGE</span></strong></h4>
<p>[/vc_column_text][/vc_column_inner][vc_column_inner width=&#8221;8/12&#8243;][/vc_column_inner][/vc_row_inner][vc_separator border_width=&#8221;3&#8243; css=&#8221;.vc_custom_1545233007592{margin-bottom: 5px !important;}&#8221;][vc_row_inner][vc_column_inner width=&#8221;4/12&#8243; el_id=&#8221;biographie&#8221;][/vc_column_inner][vc_column_inner el_class=&#8221;lol&#8221; width=&#8221;2/12&#8243;][/vc_column_inner][vc_column_inner el_class=&#8221;lol1&#8243; width=&#8221;4/12&#8243;][vc_custom_heading text=&#8221;PRESENTATION OF THE GALLERY&#8221; font_container=&#8221;tag:h2|font_size:15|text_align:center&#8221; use_theme_fonts=&#8221;yes&#8221; link=&#8221;url:http%3A%2F%2Fthestorage.fr%2Fthe-storage%2F%23|||&#8221; el_class=&#8221;hj&#8221; css=&#8221;.vc_custom_1571086828643{padding-left: 17px !important;}&#8221;][/vc_column_inner][vc_column_inner el_class=&#8221;lol&#8221; width=&#8221;2/12&#8243;][vc_custom_heading text=&#8221;PICTURES&#8221; font_container=&#8221;tag:h2|font_size:15|text_align:center&#8221; use_theme_fonts=&#8221;yes&#8221; link=&#8221;url:http%3A%2F%2Fthestorage.fr%2Fthe-storage%2F%23photos|||&#8221;][/vc_column_inner][/vc_row_inner][/vc_column][/vc_row][vc_row][vc_column el_id=&#8221;biographie&#8221;][vc_row_inner][vc_column_inner][vc_empty_space height=&#8221;50&#8243;][/vc_column_inner][/vc_row_inner][vc_row_inner][vc_column_inner][vc_custom_heading text=&#8221;PRESENTATION OF THE GALLERY&#8221; font_container=&#8221;tag:h3|text_align:left&#8221; use_theme_fonts=&#8221;yes&#8221;][vc_column_text]</p>
<p style="text-align: justify;">The Storage gallery, situated in Saint-Ouen-l’Aumône, close outskirts of Paris was inaugurated in 2010. At the time, this atypical and innovating project of opening a gallery just outside Paris inspired internationally renowned gallerists.</p>
<p style="text-align: justify;">The choice of implementing The Storage galley in Saint-Ouen-l’Aumône is definitely not a coincidence. Located near Auvers-sur-Oise, a pole of attraction which attracted in the latter stages of the XIX century, famous painters, such as Vincent Van Gogh. Thus, The Storage gallery contributes in forming this genuine cultural set mixing modern art to contemporary art.</p>
<p style="text-align: justify;">Although the majority of galleries focus essentially on the center of Paris, The Storage gallery profits from the numerous significant advantages by settling in the suburbs of Paris. Built in an industrial building supported by steel beams, the gallery offers more than 3000m2 of space, with its big open spaces and its high ceilings intended to shelter enormous art works. It also includes a garden combining nature, architecture and sculptures surrounded by palm trees and rhododendrons as well as slate arches overlooking a pond, place of leisure for Japanese carps. Thus, the Storage is a modern and spacious area, museum like due to its size and atmosphere.</p>
<p style="text-align: justify;">Long considered as a gallery exclusively dedicated to the French contemporary artist Philippe Pasqua, recognized as one of the major artists of his generation, The Storage will shortly develop into a multi-artist gallery, where Pasqua’s art works will coexist with ones of established artists. This will create a certain dialogue between the art works.</p>
<p>[/vc_column_text][vc_separator color=&#8221;custom&#8221; el_width=&#8221;90&#8243; accent_color=&#8221;#f1f1f1&#8243;][/vc_column_inner][/vc_row_inner][vc_row_inner el_id=&#8221;photos&#8221;][vc_column_inner][vc_empty_space height=&#8221;70&#8243;][vc_custom_heading text=&#8221;PICTURES&#8221; font_container=&#8221;tag:h3|text_align:left&#8221; use_theme_fonts=&#8221;yes&#8221;][vc_masonry_media_grid grid_id=&#8221;vc_gid:1571260346457-49406c34-9926-9&#8243; include=&#8221;774,775,776&#8243;][/vc_column_inner][/vc_row_inner][vc_row_inner][vc_column_inner][vc_empty_space height=&#8221;70&#8243;][/vc_column_inner][/vc_row_inner][/vc_column][/vc_row]</p>
</div>

<!-- This site is optimized with the Yoast SEO plugin v25.6 - https://yoast.com/wordpress/plugins/seo/ -->
<title>THE STORAGE - UNE GALERIE MULTI-ARTISTE</title>
<meta name="description" content="The Storage, en perpétuelle innovation, se transformera prochainement en une galerie multi-artistes, où les œuvres de Philippe Pasqua cohabiteront..." />
<meta name="robots" content="index, follow, max-snippet:-1, max-image-preview:large, max-video-preview:-1" />
<link rel="canonical" href="https://www.thestorage.fr/the-storage/" />
<meta property="og:locale" content="en_US" />
<meta property="og:type" content="article" />
<meta property="og:title" content="THE STORAGE - UNE GALERIE MULTI-ARTISTE" />
<meta property="og:description" content="The Storage, en perpétuelle innovation, se transformera prochainement en une galerie multi-artistes, où les œuvres de Philippe Pasqua cohabiteront..." />
<meta property="og:url" content="https://www.thestorage.fr/the-storage/" />
<meta property="og:site_name" content="thestorage.fr" />
<meta property="article:modified_time" content="2024-10-30T18:39:40+00:00" />
<meta name="twitter:card" content="summary_large_image" />
<meta name="twitter:label1" content="Est. reading time" />
	<meta name="twitter:data1" content="2 minutes" />
<script type="application/ld+json" class="yoast-schema-graph">{"@context":"https://schema.org","@graph":[{"@type":"WebPage","@id":"https://www.thestorage.fr/the-storage/","url":"https://www.thestorage.fr/the-storage/","name":"THE STORAGE - UNE GALERIE MULTI-ARTISTE","isPartOf":{"@id":"https://www.thestorage.fr/en/#website"},"datePublished":"2018-11-30T18:13:35+00:00","dateModified":"2024-10-30T18:39:40+00:00","description":"The Storage, en perpétuelle innovation, se transformera prochainement en une galerie multi-artistes, où les œuvres de Philippe Pasqua cohabiteront...","breadcrumb":{"@id":"https://www.thestorage.fr/the-storage/#breadcrumb"},"inLanguage":"en-US","potentialAction":[{"@type":"ReadAction","target":["https://www.thestorage.fr/the-storage/"]}]},{"@type":"BreadcrumbList","@id":"https://www.thestorage.fr/the-storage/#breadcrumb","itemListElement":[{"@type":"ListItem","position":1,"name":"Home","item":"https://www.thestorage.fr/"},{"@type":"ListItem","position":2,"name":"THE STORAGE"}]},{"@type":"WebSite","@id":"https://www.thestorage.fr/en/#website","url":"https://www.thestorage.fr/en/","name":"thestorage.fr","description":"","potentialAction":[{"@type":"SearchAction","target":{"@type":"EntryPoint","urlTemplate":"https://www.thestorage.fr/en/?s={search_term_string}"},"query-input":{"@type":"PropertyValueSpecification","valueRequired":true,"valueName":"search_term_string"}}],"inLanguage":"en-US"}]}</script>
<!-- / Yoast SEO plugin. -->

The Storage, en perpétuelle innovation, se transformera prochainement en une galerie multi-artistes, où les œuvres de Philippe Pasqua cohabiteront...
